 a prime number?
False
Is 32773 a prime number?
False
Is 82837 prime?
True
Is 5627 a prime number?
False
Is 6637 a composite number?
False
Is 91513 composite?
False
Is 297121 composite?
True
Is 2827 a prime number?
False
Is 52783 prime?
True
Is 1943999 a composite number?
True
Is 83161 a composite number?
True
Is 179147 a prime number?
False
Is 218531 prime?
True
Is 108943 prime?
True
Is 22951 a composite number?
True
Is 655 prime?
False
Is 47555 a composite number?
True
Is 6326 a prime number?
False
Is 703753 prime?
True
Is 454299 composite?
True
Is 123701 a prime number?
True
Is 80651 composite?
False
Is 29765 a composite number?
True
Is 1173343 a composite number?
False
Is 5942 prime?
False
Is 2101 composite?
True
Is 1193 composite?
False
Is 197731 a composite number?
True
Is 382 a composite number?
True
Is 16129 a prime number?
False
Is 177007 a composite number?
False
Is 2777 a composite number?
False
Is 17777 prime?
False
Is 841303 a prime number?
False
Is 506281 prime?
True
Is 17315 a composite number?
True
Is 362051 a prime number?
True
Is 142235 composite?
True
Is 853 a prime number?
True
Is 83243 prime?
True
Is 48967 prime?
False
Is 17713 composite?
False
Is 22259 prime?
True
Is 4553 prime?
False
Is 87491 prime?
True
Is 6113 a composite number?
False
Is 292897 a composite number?
True
Is 539401 prime?
True
Is 79457 a prime number?
False
Is 18059 a composite number?
False
Is 435118 a prime number?
False
Is 1205183 a composite number?
True
Is 375149 prime?
True
Is 50345 prime?
False
Is 5381 composite?
False
Is 144899 composite?
False
Is 1521533 a prime number?
False
Is 3989 a composite number?
False
Is 2579 prime?
True
Is 64673 a composite number?
True
Is 33897 a composite number?
True
Is 3571 a prime number?
True
Is 171793 composite?
False
Is 1562447 a composite number?
False
Is 11617 a prime number?
True
Is 304034 prime?
False
Is 24319 composite?
True
Is 68919 a composite number?
True
Is 891037 a composite number?
True
Is 1342963 a composite number?
False
Is 87499 a prime number?
False
Is 209555 a prime number?
False
Is 689263 a prime number?
False
Is 56281 a composite number?
True
Is 4583 composite?
False
Is 1633 a prime number?
False
Is 854731 prime?
False
Is 3041 a prime number?
True
Is 176279 a prime number?
False
Is 188213 a prime number?
False
Is 99643 a prime number?
True
Is 3329 a prime number?
True
Is 94137 a composite number?
True
Is 16323 prime?
False
Is 27543 a prime number?
False
Is 223907 a composite number?
True
Is 23099 a prime number?
True
Is 3109 a prime number?
True
Is 2459 a composite number?
False
Is 119027 a composite number?
False
Is 55529 a prime number?
True
Is 6619 prime?
True
Is 1562179 composite?
True
Is 696021 a composite number?
True
Is 8287 composite?
False
Is 258098 composite?
True
Is 5437 composite?
False
Is 2467 composite?
False
Is 69821 prime?
True
Is 83519 a prime number?
False
Is 487 a prime number?
True
Is 2933 a composite number?
True
Is 384139 a composite number?
True
Is 25321 composite?
False
Is 520951 a composite number?
True
Is 4699 a prime number?
False
Is 126235 a prime number?
False
Is 1931 prime?
True
Is 33 prime?
False
Is 98149 prime?
False
Is 1819577 a composite number?
False
Is 1113358 a composite number?
True
Is 232541 a composite number?
True
Is 65159 composite?
True
Is 517 a prime number?
False
Is 17743 a prime number?
False
Is 73729 composite?
True
Is 24287 prime?
False
Is 310169 a prime number?
True
Is 42043 a composite number?
False
Is 340447 a composite number?
False
Is 5779 a composite number?
False
Is 90263 a composite number?
False
Is 73277 a prime number?
True
Is 41183 a composite number?
False
Is 18041 composite?
False
Is 24763 a composite number?
False
Is 38039 a composite number?
False
Is 2081095 composite?
True
Is 83047 a composite number?
False
Is 120641 a composite number?
False
Is 98207 a composite number?
False
Is 54039 a composite number?
True
Is 67765 prime?
False
Is 2791311 a composite number?
True
Is 1091294 composite?
True
Is 5981 composite?
False
Is 57747 a prime number?
False
Is 120073 a prime number?
False
Is 113 a prime number?
True
Is 281527 a prime number?
True
Is 74174 a prime number?
False
Is 121591 a prime number?
True
Is 5137 composite?
True
Is 138379 composite?
True
Is 5389 a composite number?
True
Is 89797 composite?
False
Is 11341 prime?
False
Is 10779 prime?
False
Is 442671 composite?
True
Is 10299 a prime number?
False
Is 4706189 prime?
True
Is 53481 composite?
True
Is 20323 a prime number?
True
Is 8203 composite?
True
Is 44723 prime?
False
Is 5219 composite?
True
Is 120293 a prime number?
True
Is 7978 a composite number?
True
Is 962779 prime?
True
Is 2398379 a prime number?
True
Is 12619 prime?
True
Is 11981 prime?
True
Is 24557 prime?
False
Is 1102979 a prime number?
True
Is 140821 composite?
True
Is 11113 a prime number?
True
Is 362787 composite?
True
Is 1028129 a prime number?
True
Is 214579 a prime number?
False
Is 416201 a composite number?
False
Is 40219 a composite number?
True
Is 2095 a composite number?
True
Is 45161 a prime number?
True
Is 349171 a prime number?
True
Is 7729 prime?
False
Is 1213873 a composite number?
False
Is 51601 a composite number?
True
Is 65677 prime?
True
Is 1967 prime?
False
Is 11249 a composite number?
True
Is 3491 a prime number?
True
Is 23249 a prime number?
False
Is 65167 a prime number?
True
Is 5167 a composite number?
False
Is 9347 a prime number?
False
Is 101933 a composite number?
True
Is 923107 composite?
False
Is 5299 a composite number?
True
Is 533569 a composite number?
True
Is 8251 a composite number?
True
Is 46 a composite number?
True
Is 7217 a prime number?
False
Is 336697 composite?
True
Is 67359 prime?
False
Is 4397 composite?
False
Is 809 a composite number?
False
Is 56965 a composite number?
True
Is 267517 a composite number?
False
Is 159119 composite?
False
Is 3313 composite?
False
Is 307 composite?
False
Is 38393 a composite number?
False
Is 61403 composite?
False
Is 57587 composite?
False
Is 10007 a composite number?
False
Is 18661 a prime number?
True
Is 530933 a composite number?
True
Is 8741 a composite number?
False
Is 7079 composite?
False
Is 7523 a prime number?
True
Is 142691 prime?
False
Is 10883 a composite number?
False
Is 3593 a composite number?
False
Is 1546 prime?
False
Is 7283 a prime number?
True
Is 28789 a prime number?
True
Is 276695 composite?
True
Is 2785 a composite number?
True
Is 103781 a prime number?
False
Is 108107 a prime number?
True
Is 22769 a composite number?
False
Is 42311 composite?
True
Is 7151 a composite number?
False
Is 24391 prime?
True
Is 1501 a composite number?
True
Is 69221 composite?
False
Is 30329 prime?
False
Is 1829 a composite number?
True
Is 2432293 a composite number?
False
Is 106801 prime?
True
Is 80527 a prime number?
True
Is 2437 a prime number?
True
Is 128407 prime?
False
Is 19571 prime?
True
Is 56549 a prime number?
False
Is 896983 a prime number?
True
Is 2962 a composite number?
True
Is 439199 a composite number?
False
Is 61779 a composite number?
True
Is 11197 composite?
False
Is 379 composite?
False
Is 39793 prime?
False
Is 895802 prime?
False
Is 41443 composite?
False
Is 18391 a composite number?
True
Is 755869 a composite number?
False
Is 10261 a prime number?
False
Is 2707 a prime number?
True
Is 2333 composite?
False
Is 4393 a prime number?
False
Is 69733 a prime number?
False
Is 193463 prime?
True
Is 31469 a prime number?
True
Is 174047 prime?
True
Is 403021 prime?
False
Is 346565 composite?
True
Is 42095 prime?
False
Is 449 a composite number?
False
Is 54079 a composite number?
True
Is 1471 prime?
True
Is 468139 composite?
True
Is 7921 a prime number?
False
Is 80863 composite?
False
Is 26339 a prime number?
True
Is 737 composite?
True
Is 434081 composite?
False
Is 72987 a composite number?
True
Is 37399 prime?
False
Is 333097 a composite number?
False
Is 409237 a prime number?
True
Is 356341 prime?
False
Is 57613 composite?
True
Is 311471 a prime number?
False
Is 121151 a prime number?
True
Is 9923 a composite number?
False
Is 16787 prime?
True
Is 67403 a prime number?
False
Is 3833 composite?
False
Is 295673 prime?
False
Is 48583 a composite number?
True
Is 14899 a prime number?
False
Is 1639 a composite number?
True
Is 1